36690?
False
Is 1139 a factor of 15188565?
True
Is 3234294 a multiple of 18?
True
Is 70641388 a multiple of 4?
True
Is 10 a factor of 27457420?
True
Does 5337 divide 156262942?
False
Is 337485913 a multiple of 105?
False
Is 372 a factor of 3553013347?
False
Does 429 divide 160044885?
True
Does 66 divide 295728180?
True
Is 101327166 a multiple of 2274?
True
Is 14 a factor of 3512784562?
True
Does 22 divide 112082969?
False
Is 1995 a factor of 939134280?
True
Is 7834874556 a multiple of 4344?
False
Does 1669 divide 750916867?
False
Does 368 divide 2144088992?
False
Does 3 divide 99121242?
True
Does 9 divide 59625398?
False
Is 2583 a factor of 3496873149?
True
Is 116 a factor of 21400956?
True
Is 2499833 a multiple of 9?
False
Does 427 divide 9408518?
True
Is 314769483 a multiple of 3969?
True
Is 102960360 a multiple of 6?
True
Is 51853662 a multiple of 7?
True
Does 177 divide 26322555?
True
Is 1214 a factor of 3135308241?
False
Does 78 divide 1291122194?
False
Is 50 a factor of 1053100?
True
Does 5 divide 73125094?
False
Is 70 a factor of 914618014?
False
Is 566793584 a multiple of 196?
True
Is 622 a factor of 173745748?
True
Does 130 divide 122865990?
True
Is 18 a factor of 262771623?
False
Is 207482473 a multiple of 229?
True
Does 3 divide 44721273?
True
Does 8 divide 14792448?
True
Does 170 divide 2156608440?
True
Does 862 divide 501332844?
False
Is 69 a factor of 2740326030?
True
Is 2281389435 a multiple of 135?
True
Is 26 a factor of 317716438?
True
Is 89 a factor of 294520121?
False
Is 445708956 a multiple of 2442?
True
Is 152203063 a multiple of 1543?
True
Is 816144108 a multiple of 2249?
True
Does 3824 divide 263004156?
False
Is 2895506197 a multiple of 3677?
False
Is 22 a factor of 3450848?
False
Does 347 divide 50962622?
False
Is 153812483 a multiple of 71?
True
Is 54328043 a multiple of 7?
True
Is 81 a factor of 53720334?
True
Does 97 divide 497816416?
True
Is 363216555 a multiple of 1053?
True
Is 5242125 a multiple of 41?
False
Does 34 divide 2934276312?
False
Does 212 divide 2688207064?
True
Is 291366000 a multiple of 500?
True
Does 10 divide 391568540?
True
Is 139225284 a multiple of 44?
True
Is 31 a factor of 143466109?
True
Is 12 a factor of 9384906?
False
Is 1227 a factor of 51752307?
False
Does 61 divide 3238124?
True
Does 2049 divide 356610809?
False
Is 3243 a factor of 40258602?
True
Is 3817882505 a multiple of 17?
False
Is 13 a factor of 148731983?
False
Does 45 divide 134152335?
True
Does 1088 divide 37706908?
False
Is 169 a factor of 387006451?
True
Is 17 a factor of 253981016?
False
Does 140 divide 211989217?
False
Is 34 a factor of 81878281?
False
Is 61 a factor of 2263493?
False
Does 447 divide 98660306?
False
Is 33 a factor of 346756489?
False
Does 403 divide 17157128?
False
Is 225 a factor of 21985875?
True
Is 233633278 a multiple of 34?
True
Is 63170688 a multiple of 896?
True
Is 139285107 a multiple of 117?
True
Does 2912 divide 296496928?
True
Does 17 divide 47582101?
False
Is 673 a factor of 53246414?
True
Is 12 a factor of 6162122?
False
Does 335 divide 16310532?
False
Is 226 a factor of 42755358?
True
Is 60 a factor of 512940300?
True
Is 60657253 a multiple of 28?
False
Is 48094312 a multiple of 287?
True
Does 42 divide 346257512?
False
Is 236845908 a multiple of 1124?
True
Is 892234800 a multiple of 4148?
True
Is 20 a factor of 163532042?
False
Does 1065 divide 54984885?
True
Does 91 divide 11792971?
False
Is 551229864 a multiple of 1931?
False
Does 48 divide 146109927?
False
Is 4357 a factor of 1647887145?
False
Is 367113024 a multiple of 24?
True
Is 623 a factor of 24078069?
False
Is 568302680 a multiple of 1070?
True
Is 671 a factor of 388585857?
False
Is 2062668036 a multiple of 286?
True
Is 605037 a multiple of 2?
False
Does 26 divide 3263577278?
True
Does 1213 divide 59925839?
True
Does 14 divide 7854910?
True
Is 5875220 a multiple of 5?
True
Is 49 a factor of 216477633?
False
Is 1001070 a multiple of 454?
True
Is 61 a factor of 2517961778?
False
Does 12 divide 39194966?
False
Is 255309231 a multiple of 834?
False
Is 28204525 a multiple of 23?
False
Is 90055328 a multiple of 32?
True
Does 3417 divide 763303128?
True
Does 15 divide 3265130535?
True
Is 1700 a factor of 2442741900?
True
Does 19 divide 247881901?
False
Is 245 a factor of 18372795?
True
Is 410 a factor of 54591500?
True
Does 11 divide 405160525?
True
Does 15 divide 187288950?
True
Does 2218 divide 345941460?
True
Is 64 a factor of 25470848?
True
Does 254 divide 34296130?
False
Is 19877664 a multiple of 948?
True
Does 30 divide 7020000?
True
Is 779644173 a multiple of 7?
True
Is 29847020 a multiple of 1827?
False
Does 9 divide 21093345?
True
Does 44 divide 346252016?
True
Does 76 divide 32373112?
True
Does 58 divide 100656274?
True
Does 488 divide 104982011?
False
Does 55 divide 32048060?
True
Is 29 a factor of 13553643?
True
Does 32 divide 3104530?
False
Is 62607985 a multiple of 439?
True
Is 3357 a factor of 36396594?
True
Is 44 a factor of 2965285708?
True
Is 126 a factor of 5557734?
True
Is 30 a factor of 52122570?
True
Is 68 a factor of 18772815?
False
Does 314 divide 90018462?
True
Does 152 divide 905768?
True
Does 3 divide 8016378?
True
Is 172 a factor of 30786032?
False
Is 12 a factor of 43153805?
False
Is 154751703 a multiple of 192?
False
Is 4 a factor of 279078321?
False
Does 233 divide 29479626?
True
Is 2814817867 a multiple of 8228?
False
Is 8681939 a multiple of 2?
False
Is 669 a factor of 5879059?
False
Does 1637 divide 2706747013?
False
Is 29956999 a multiple of 9?
False
Is 17805515 a multiple of 8?
False
Is 162 a factor of 47390918?
False
Is 47981860 a multiple of 146?
False
Does 49 divide 88801375?
False
Is 714 a factor of 72016896?
True
Is 3999 a factor of 226143450?
True
Does 23 divide 337820044?
True
Is 4 a factor of 79159076?
True
Does 363 divide 10305933?
True
Is 228591687 a multiple of 248?
False
Is 76265812 a multiple of 14?
True
Is 84565635 a multiple of 55?
True
Is 29 a factor of 11394352?
False
Is 428083704 a multiple of 36?
True
Is 22 a factor of 35322936?
True
Is 183 a factor of 16263691?
False
Does 269 divide 10070822?
True
Is 755183521 a multiple of 2713?
False
Is 29 a factor of 83012036?
True
Is 13 a factor of 2400606?
True
Is 1157 a factor of 138669774?
False
Is 255098376 a multiple of 9?
True
Does 6 divide 3150162?
True
Is 43533535 a multiple of 28?
False
Does 1373 divide 6565686?
True
Is 25939074 a multiple of 14?
True
Is 12 a factor of 28008?
True
Is 19696255 a multiple of 19?
True
Does 21 divide 29651517?
True
Is 30918219 a multiple of 7311?
True
Does 55 divide 63028515?
True
Does 26 divide 30393766?
True
Is 51965573 a multiple of 41?
True
Is 344664941 a multiple of 958?
False
Is 38304221 a multiple of 73?
False
Is 1610215852 a multiple of 14?
True
Is 106468452 a multiple of 9?
True
Is 172419408 a multiple of 161?
True
Is 47 a factor of 11282491?
True
Does 17 divide 26190246?
False
Does 42 divide 19682712?
True
Is 5790636 a multiple of 12?
True
Is 113045533 a multiple of 2546?
False
Does 102 divide 55653009?
False
Does 94 divide 1152003200?
False
Is 48011557 a multiple of 109?
True
Does 17 divide 10788634?
False
Is 46792080 a multiple of 1305?
True
Is 126 a factor of 3270523032?
True
Is 4233536 a multiple of 464?
True
Is 12 a factor of 312624533?
False
Is 15 a factor of 74968328?
False
Is 2993549790 a multiple of 11?
True
Is 46555668 a multiple of 2571?
True
Does 64 divide 76306304?
True
Does 186 divide 1336890252?
True
Does 8 divide 37927486?
False
Is 478 a factor of 43340260?
True
Is 88685861 a multiple of 312?
False
Is 204 a factor of 14169432?
True
Is 3475 a factor of 1006688293?
False
Is 208 a factor of 82905680?
True
Does 11 divide 39382460?
False
Is 9 a factor of 30836538?
True
Is 1934798 a multiple of 2?
True
Is 42478085 a multiple of 1091?
True
Does 5230 divide 2292528660?
True
Is 2550 a factor of 60973050?
True
Is 76409698 a multiple of 514?
True
Is 775227710 a multiple of 14?
False
Is 18863718 a multiple of 404?
False
Is 401 a factor of 30157606?
True
Is 26 a factor of 63197611?
False
Does 10 divide 15353776?
False
Is 29 a factor of 278312304?
True
Is 173107217 a multiple of 531?
False
Does 47 divide 374952699?
True
Does 49 divide 6420689?
False
Is 410 a factor of 1011462167?
False
Is 19 a f